eatest common factor of 189171685 and 2195.
2195
What is the highest common factor of 22510 and 111770?
10
What is the highest common divisor of 26 and 6975333768?
26
What is the highest common divisor of 19525 and 104008894?
781
Calculate the greatest common factor of 579 and 42242489.
193
Calculate the highest common divisor of 8992582 and 2.
2
Calculate the greatest common factor of 304935 and 1845.
15
Calculate the greatest common factor of 108 and 55368896.
4
Calculate the greatest common factor of 125866635 and 15.
15
What is the greatest common factor of 8102465 and 362?
181
What is the greatest common factor of 195172823 and 785?
157
Calculate the highest common factor of 5250 and 41451690.
210
What is the highest common divisor of 278 and 79236533?
139
What is the greatest common divisor of 58860 and 3402270?
270
What is the highest common factor of 6572850 and 7250?
1450
Calculate the greatest common divisor of 37928040 and 1760.
40
What is the highest common divisor of 7826130 and 5655?
195
Calculate the greatest common divisor of 7544715 and 60.
15
Calculate the greatest common factor of 5143 and 962019.
139
Calculate the greatest common divisor of 30 and 5481975.
15
What is the greatest common divisor of 4642 and 293249?
11
Calculate the highest common factor of 23946884 and 2132.
52
What is the greatest common factor of 26121 and 1056?
3
Calculate the highest common factor of 23142983 and 41.
41
Calculate the highest common divisor of 5917 and 338916.
61
What is the highest common factor of 134944 and 5264?
16
Calculate the greatest common divisor of 116621 and 163881.
139
Calculate the highest common divisor of 144 and 5468850.
18
What is the highest common factor of 7539 and 729909825?
1077
What is the highest common divisor of 2775 and 10773300?
75
Calculate the greatest common factor of 635 and 20107910.
635
Calculate the greatest common divisor of 2574 and 62883414.
198
Calculate the highest common divisor of 3167507 and 2032.
127
What is the greatest common divisor of 963 and 4215693?
321
What is the greatest common divisor of 15306305 and 551?
19
Calculate the highest common factor of 437562 and 142884.
162
Calculate the highest common divisor of 27145 and 5676064.
89
Calculate the greatest common factor of 760 and 394915.
95
Calculate the highest common divisor of 22788106 and 3762.
418
Calculate the highest common factor of 359453053 and 30988.
7747
What is the greatest common divisor of 21 and 237736905?
21
What is the greatest common factor of 34279 and 316562?
83
Calculate the greatest common divisor of 841249018 and 628.
314
Calculate the highest common factor of 287684 and 7745756.
5428
Calculate the greatest common factor of 397086 and 2441472.
1734
Calculate the highest common divisor of 2270000 and 722768.
3632
What is the greatest common divisor of 290813 and 3726777?
1681
What is the highest common divisor of 52165495 and 207?
23
What is the greatest common divisor of 813592 and 288808?
104
Calculate the highest common factor of 30390524 and 4.
4
Calculate the highest common divisor of 27061231 and 3.
1
Calculate the highest common factor of 2031672 and 8664.
24
What is the highest common factor of 4303 and 2691?
13
Calculate the greatest common divisor of 27747525 and 2235.
2235
What is the highest common factor of 1500 and 86928900?
300
Calculate the greatest common factor of 6898 and 242454353.
3449
What is the highest common factor of 169587 and 233539?
571
What is the highest common factor of 141151 and 752685?
361
Calculate the greatest common factor of 25 and 247165525.
25
Calculate the highest common factor of 53177 and 2136159.
1297
What is the greatest common divisor of 2940 and 380790?
30
What is the highest common factor of 30496 and 41208?
8
What is the greatest common divisor of 1646448 and 4176?
48
Calculate the highest common divisor of 2024 and 3486483.
11
What is the greatest common divisor of 1767812 and 100?
4
What is the highest common divisor of 35177 and 11223?
29
What is the highest common divisor of 1719 and 376978419?
1719
What is the greatest common divisor of 10105 and 6551095?
235
What is the highest common divisor of 2542373 and 3735?
83
Calculate the greatest common factor of 43836079 and 4401.
163
What is the greatest common factor of 32 and 342493912?
8
Calculate the highest common divisor of 136 and 43125960.
8
What is the greatest common divisor of 4488 and 1060035?
51
Calculate the highest common factor of 38551329 and 61.
61
What is the highest common divisor of 11172275 and 325?
25
What is the greatest common divisor of 4137988 and 892?
892
What is the highest common divisor of 250517935 and 74?
37
What is the greatest common factor of 399 and 261939?
3
What is the highest common divisor of 138512241 and 362?
181
Calculate the highest common factor of 11120806 and 502.
502
What is the highest common divisor of 10604773 and 29144?
3643
What is the highest common factor of 20836679 and 68?
17
What is the greatest common factor of 9 and 10040049?
9
What is the greatest common divisor of 1344752 and 152?
8
What is the highest common factor of 35448 and 5954592?
168
Calculate the greatest common factor of 7 and 5912200.
7
Calculate the highest common factor of 337 and 261472571.
337
What is the highest common factor of 9658 and 15326368?
878
What is the greatest common divisor of 5045 and 4050151225?
5045
What is the greatest common divisor of 3016321 and 616?
77
What is the highest common divisor of 2373 and 40300659?
2373
What is the greatest common divisor of 496 and 95320970?
62
Calculate the highest common divisor of 130438605 and 1089.
363
What is the greatest common divisor of 13152 and 2111136?
96
What is the greatest common factor of 3 and 6190653?
3
What is the highest common factor of 9436257 and 1746?
873
What is the greatest common factor of 550273 and 391?
17
Calculate the greatest common factor of 4799433 and 184.
23
Calculate the greatest common divisor of 50718 and 20758.
214
Calculate the greatest common divisor of 141510 and 157935.
15
What is the greatest common factor of 4981 and 20281?
17
Calculate the highest common factor of 693500 and 80.
20
What is the highest common factor of 51 and 206963236?
17
What is the greatest common divisor of 347418050 and 350?
350
Calculate the greatest common factor of 46725 and 18004255.
445
Calculate the greatest common divisor of 22 and 726461494.
22
Calculate the greatest common factor of 11149596 and 4.
4
Calculate the highest common divisor of 39535825 and 35.
35
What is the highest common divisor of 54729009 and 846?
423
Calculate the highest common factor of 7 and 73235687.
7
Calculate the greatest common factor of 2430 and 379902960.
810
What is the greatest common divisor of 209728873 and 2503?
2503
What is the greatest common divisor of 2032 and 167767?
127
What is the greatest common divisor of 2138 and 144258?
2
What is the highest common divisor of 120872 and 1856?
232
What is the highest common divisor of 512693 and 2300?
23
What is the highest common factor of 1470881 and 5064?
211
What is the highest common factor of 440952 and 1108536?
456
Calculate the greatest common factor of 213516 and 12732.
12
What is the greatest common factor of 5164398 and 14910?
426
What is the highest common factor of 41310450 and 9900?
450
What is the highest common divisor of 24196831 and 10965?
731
Calculate the highest common divisor of 9242 and 38728601.
4621
Calculate the highest common divisor of 27322863 and 97.
97
What is the greatest common factor of 55535134 and 166?
166
What is the highest common factor of 64 and 11446992?
16
What is the highest common factor of 97434 and 2466?
18
What is the highest common divisor of 10190 and 378094855?
5095
What is the greatest common factor of 8 and 30932108?
4
What is the highest common divisor of 5613172 and 5068?
724
What is the highest common divisor of 338208784 and 5680?
1136
What is the greatest common factor of 7873728 and 53544?
552
What is the highest common factor of 780995 and 2945?
95
What is the greatest common divisor of 378 and 616602?
42
Calculate the greatest common divisor of 5687538 and 18.
6
What is the greatest common factor of 7275 and 20765275?
2425
Wh